y 94.
17
Calculate the remainder when 2364 is divided by 55.
54
What is the remainder when 671 is divided by 21?
20
Calculate the remainder when 2762 is divided by 12.
2
What is the remainder when 1123 is divided by 45?
43
What is the remainder when 358 is divided by 5?
3
What is the remainder when 1360 is divided by 39?
34
What is the remainder when 90 is divided by 31?
28
Calculate the remainder when 188 is divided by 107.
81
What is the remainder when 56 is divided by 15?
11
Calculate the remainder when 13 is divided by 4.
1
What is the remainder when 15337 is divided by 295?
292
Calculate the remainder when 159 is divided by 27.
24
Calculate the remainder when 37 is divided by 23.
14
What is the remainder when 575 is divided by 6?
5
What is the remainder when 4364 is divided by 104?
100
What is the remainder when 204 is divided by 22?
6
Calculate the remainder when 9552 is divided by 17.
15
Calculate the remainder when 3156 is divided by 27.
24
Calculate the remainder when 1978 is divided by 140.
18
Calculate the remainder when 62 is divided by 56.
6
Calculate the remainder when 599 is divided by 94.
35
Calculate the remainder when 231 is divided by 75.
6
What is the remainder when 40 is divided by 21?
19
Calculate the remainder when 318 is divided by 11.
10
What is the remainder when 1831 is divided by 114?
7
Calculate the remainder when 10785 is divided by 62.
59
Calculate the remainder when 22 is divided by 8.
6
What is the remainder when 52 is divided by 23?
6
What is the remainder when 25 is divided by 23?
2
Calculate the remainder when 665 is divided by 232.
201
Calculate the remainder when 21568 is divided by 161.
155
What is the remainder when 2010 is divided by 20?
10
What is the remainder when 789 is divided by 18?
15
What is the remainder when 909 is divided by 7?
6
What is the remainder when 4759 is divided by 28?
27
What is the remainder when 3476 is divided by 40?
36
Calculate the remainder when 314 is divided by 54.
44
What is the remainder when 643 is divided by 238?
167
What is the remainder when 69 is divided by 24?
21
Calculate the remainder when 165 is divided by 22.
11
Calculate the remainder when 9519 is divided by 7.
6
Calculate the remainder when 977 is divided by 110.
97
What is the remainder when 94 is divided by 12?
10
What is the remainder when 63 is divided by 48?
15
Calculate the remainder when 35 is divided by 6.
5
Calculate the remainder when 2157 is divided by 127.
125
What is the remainder when 1015 is divided by 49?
35
What is the remainder when 202 is divided by 105?
97
What is the remainder when 147 is divided by 31?
23
Calculate the remainder when 83 is divided by 66.
17
What is the remainder when 1630 is divided by 23?
20
Calculate the remainder when 9 is divided by 3.
0
What is the remainder when 500 is divided by 83?
2
Calculate the remainder when 8207 is divided by 19.
18
Calculate the remainder when 1091 is divided by 91.
90
What is the remainder when 661 is divided by 163?
9
What is the remainder when 332 is divided by 16?
12
Calculate the remainder when 258 is divided by 29.
26
What is the remainder when 1501 is divided by 48?
13
Calculate the remainder when 512 is divided by 40.
32
Calculate the remainder when 96 is divided by 45.
6
Calculate the remainder when 719 is divided by 188.
155
What is the remainder when 833 is divided by 19?
16
Calculate the remainder when 138 is divided by 119.
19
Calculate the remainder when 7152 is divided by 135.
132
Calculate the remainder when 1048 is divided by 35.
33
Calculate the remainder when 119 is divided by 10.
9
What is the remainder when 2213 is divided by 549?
17
Calculate the remainder when 365 is divided by 98.
71
Calculate the remainder when 113 is divided by 12.
5
What is the remainder when 123 is divided by 42?
39
Calculate the remainder when 115 is divided by 24.
19
Calculate the remainder when 472 is divided by 95.
92
What is the remainder when 466 is divided by 144?
34
Calculate the remainder when 17313 is divided by 3.
0
Calculate the remainder when 1068 is divided by 28.
4
Calculate the remainder when 42 is divided by 15.
12
Calculate the remainder when 1006 is divided by 354.
298
What is the remainder when 157 is divided by 33?
25
Calculate the remainder when 458 is divided by 33.
29
Calculate the remainder when 2225 is divided by 732.
29
What is the remainder when 1003 is divided by 12?
7
Calculate the remainder when 183 is divided by 41.
19
Calculate the remainder when 1334 is divided by 15.
14
Calculate the remainder when 1675 is divided by 272.
43
Calculate the remainder when 1622 is divided by 74.
68
Calculate the remainder when 370 is divided by 305.
65
What is the remainder when 2400 is divided by 101?
77
Calculate the remainder when 55 is divided by 21.
13
What is the remainder when 93 is divided by 16?
13
What is the remainder when 57 is divided by 3?
0
What is the remainder when 32 is divided by 20?
12
What is the remainder when 308 is divided by 39?
35
What is the remainder when 232 is divided by 20?
12
What is the remainder when 1891 is divided by 146?
139
Calculate the remainder when 209 is divided by 8.
1
What is the remainder when 4105 is divided by 52?
49
Calculate the remainder when 2154 is divided by 4.
2
Calculate the remainder when 454 is divided by 25.
4
What is the remainder when 102 is divided by 21?
18
Calculate the remainder when 214 is divided by 13.
6
Calculate the remainder when 161 is divided by 50.
11
What is the remainder when 8165 is divided by 1359?
11
What is the remainder when 5261 is divided by 19?
17
Calculate the remainder when 115 is divided by 13.
11
What is the remainder when 27799 is divided by 12?
7
Calculate the remainder when 86 is divided by 83.
3
What is the remainder when 552 is divided by 33?
24
Calculate the remainder when 11069 is divided by 82.
81
What is the remainder when 558 is divided by 139?
2
What is the remainder when 127 is divided by 78?
49
Calculate the remainder when 1385 is divided by 410.
155
Calculate the remainder when 599 is divided by 12.
11
What is the remainder when 176 is divided by 66?
44
Calculate the remainder when 223 is divided by 15.
13
Calculate the remainder when 932 is divided by 67.
61
Calculate the remainder when 93 is divided by 71.
22
Calculate the remainder when 228 is divided by 217.
11
What is the remainder when 763 is divided by 12?
7
What is the remainder when 1186 is divided by 66?
64
Calculate the remainder when 55 is divided by 32.
23
What is the remainder when 400 is divided by 67?
65
Calculate the remainder when 211 is divided by 27.
22
Calculate the remainder when 2623 is divided by 5.
3
Calculate the remainder when 110361 is divided by 68.
65
What is the remainder when 126 is divided by 15?
6
Calculate the remainder when 702 is divided by 64.
62
What is the remainder when 75 is divided by 40?
35
Calculate the remainder when 2503 is divided by 15.
13
What is the remainder when 20 is divided by 6?
2
Calculate the remainder when 325 is divided by 308.
17
Calculate the remainder when 173 is divided by 40.
13
What is the remainder when 1406 is divided by 128?
126
What is the remainder when 2165 is divided by 43?
15
Calculate the remainder when 8738 is divided by 38.
36
What is the remainder when 163 is divided by 33?
31
What is the remainder when 248 is divided by 85?
78
What is the remainder when 149 is divided by 38?
35
What is the remainder when 2563 is divided by 845?
28
What is the remainder when 128 is divided by 60?
8
Calculate the remainder when 457 is divided by 217.
23
Calculate the remainder when 1563 is divided by 18.
15
What is the remainder when 308 is divided by 8?
4
What is the remainder when 505 is divided by 30?
25
What is the remainder when 9441 is divided by 225?
216
What is the remainder when 62 is divided by 23?
16
Calculate the remainder when 102 is divided by 12.
6
What is the remainder when 17709 is divided by 77?
76
What is the remainder when 305 is divided by 77?
74
What is the remainder when 198 is divided by 114?
84
Calculate the remainder when 406 is divided by 37.
36
Calculate the remainder when 447 is divided by 58.
41
Calculate the remainder when 975 is divided by 2.
1
What is the remainder when 476 is divided b